?
False
Is 2099439571 a prime number?
True
Is 324525811 a prime number?
True
Is 855965111 a composite number?
False
Is 435320867 a composite number?
True
Is 841687933 prime?
True
Is 39535843 a prime number?
True
Is 25013025449 a prime number?
True
Is 60900913733 a composite number?
True
Is 1318232659 composite?
False
Is 72923597 composite?
True
Is 781485151 a composite number?
False
Is 604617199 prime?
False
Is 6337820839 prime?
False
Is 101366439227 prime?
True
Is 2628324851 composite?
True
Is 14304221733 composite?
True
Is 1828486718 a composite number?
True
Is 322057523 prime?
False
Is 14882337467 prime?
True
Is 40285545211 prime?
True
Is 61999847333 composite?
True
Is 137597921 a composite number?
False
Is 3585629711 a composite number?
True
Is 27482522047 a composite number?
True
Is 52465742311 prime?
False
Is 5573654621 prime?
True
Is 219035782519 a prime number?
False
Is 176072191 composite?
True
Is 8571899071 composite?
False
Is 35969553779 a prime number?
False
Is 433750507 a composite number?
False
Is 83806349051 a composite number?
True
Is 3523393457 a composite number?
True
Is 3306103 composite?
True
Is 56121833479 prime?
False
Is 6184246013 a prime number?
False
Is 120972078389 a prime number?
False
Is 131361053 a composite number?
True
Is 1251673327 a composite number?
False
Is 4679938954 a composite number?
True
Is 765332839 a composite number?
False
Is 5188757347 a prime number?
True
Is 321102479 a prime number?
True
Is 125908297 composite?
True
Is 13929154621 a prime number?
True
Is 1392798067 a prime number?
False
Is 29867739191 a composite number?
True
Is 1210421657 a prime number?
False
Is 4647677453 a prime number?
True
Is 5229739961 prime?
False
Is 2466384559 prime?
False
Is 16693016111 prime?
False
Is 4187724067 prime?
True
Is 3604855658 composite?
True
Is 32455639 a composite number?
False
Is 14487991442 a composite number?
True
Is 11134523471 prime?
False
Is 1485534049 composite?
False
Is 43714600879 prime?
True
Is 144229737317 a composite number?
False
Is 2632286521 a composite number?
False
Is 23468731207 a composite number?
False
Is 9002708569 prime?
False
Is 12258009551 a prime number?
False
Is 4703768463 prime?
False
Is 45659025613 a composite number?
True
Is 26811371693 composite?
False
Is 7071721093 prime?
False
Is 7167680701 a prime number?
True
Is 1130431273 a composite number?
False
Is 1489956311 composite?
False
Is 562970066 a prime number?
False
Is 628838527 a prime number?
True
Is 53532520337 a composite number?
False
Is 161682467 composite?
False
Is 3522847543 composite?
True
Is 4450472209 prime?
False
Is 1359454939 a composite number?
True
Is 140834027 a prime number?
True
Is 34633380833 a composite number?
True
Is 1005562853 composite?
False
Is 62105638813 a composite number?
True
Is 13724366053 prime?
True
Is 642901327 a composite number?
False
Is 55800503 prime?
False
Is 5935106201 prime?
True
Is 39051398249 a prime number?
False
Is 1790574241 a prime number?
False
Is 3655809061 a composite number?
False
Is 724706257 a prime number?
False
Is 55639360113 prime?
False
Is 6981019747 prime?
False
Is 11847317281 prime?
False
Is 30588051313 prime?
False
Is 1510124167 composite?
False
Is 122110279 a composite number?
True
Is 12651968039 a composite number?
True
Is 3575343809 prime?
True
Is 1648994791 a prime number?
True
Is 4518214807 a composite number?
True
Is 48229325219 a composite number?
False
Is 1993777717 composite?
True
Is 6709608497 a composite number?
False
Is 6440130581 a composite number?
False
Is 5220919741 a prime number?
True
Is 6130247371 composite?
True
Is 2565836619 a composite number?
True
Is 48633415 composite?
True
Is 492508651 prime?
True
Is 30883810207 a composite number?
True
Is 2924851381 composite?
False
Is 2990170373 a composite number?
False
Is 7182583141 a prime number?
True
Is 660800471 prime?
True
Is 40316514397 composite?
True
Is 54963893371 a composite number?
False
Is 25603925281 a composite number?
True
Is 4920953789 prime?
False
Is 2237662027 a prime number?
True
Is 42246709391 composite?
True
Is 696909929 composite?
False
Is 41192588057 a composite number?
False
Is 600109303 composite?
False
Is 17747357021 composite?
False
Is 62421862649 a prime number?
True
Is 13029028867 prime?
True
Is 196130081803 prime?
False
Is 36332345411 composite?
True
Is 3989839729 composite?
True
Is 22674206381 prime?
False
Is 2218809881 a composite number?
False
Is 9341062501 prime?
False
Is 4808891401 a prime number?
True
Is 12849384269 composite?
False
Is 1176696041 a prime number?
False
Is 1493479061 a prime number?
True
Is 395746159 a composite number?
False
Is 25422696601 composite?
True
Is 8620465489 composite?
False
Is 594920149 a prime number?
True
Is 73281266489 composite?
False
Is 20804501869 prime?
False
Is 74697687709 a prime number?
False
Is 325192642 composite?
True
Is 809832853 composite?
True
Is 2551565321 a composite number?
True
Is 738004873 a composite number?
False
Is 339186973 composite?
True
Is 1759928397 a composite number?
True
Is 996510565 prime?
False
Is 1824513553 a composite number?
True
Is 90862715 a prime number?
False
Is 8620872989 composite?
True
Is 54819847 a prime number?
False
Is 398723869 a composite number?
False
Is 679592451 a prime number?
False
Is 3397730135 composite?
True
Is 93513824839 prime?
False
Is 104299625119 composite?
True
Is 343149563 a composite number?
False
Is 1520271521 a prime number?
True
Is 5285491693 composite?
False
Is 637739477 a prime number?
True
Is 637863467 prime?
True
Is 10617605333 prime?
True
Is 8247058882 a composite number?
True
Is 367862959 prime?
False
Is 79793159 composite?
True
Is 1937751065 composite?
True
Is 54379746281 a prime number?
False
Is 733049803 a prime number?
True
Is 249451031 prime?
False
Is 11371130263 prime?
False
Is 627309631 a prime number?
False
Is 8382044773 prime?
False
Is 33379201177 composite?
True
Is 6638284451 a composite number?
False
Is 20401841879 a composite number?
True
Is 417499262591 composite?
False
Is 3565048159 a prime number?
True
Is 377856834643 composite?
False
Is 929323247 a composite number?
True
Is 1096683509 a prime number?
True
Is 1459589651 a prime number?
False
Is 60161719 composite?
True
Is 2904356387 a composite number?
True
Is 36216290927 a composite number?
False
Is 103316503 a composite number?
False
Is 496805233 composite?
True
Is 6188973349 a prime number?
False
Is 8614080769 a composite number?
True
Is 3191667037 a prime number?
False
Is 14976463273 composite?
False
Is 816166693 prime?
True
Is 6959356969 prime?
True
Is 8799871495 prime?
False
Is 107943239 prime?
False
Is 16684836811 composite?
False
Is 51929864461 a composite number?
False
Is 6479000347 composite?
True
Is 34324158959 a prime number?
True
Is 3590082829 a prime number?
False
Is 42499595813 prime?
True
Is 11854122697 prime?
False
Is 1521326089 a prime number?
True
Is 524657827 prime?
True
Is 425048957 a prime number?
True
Is 10115740645 prime?
False
Is 2697746069 prime?
False
Is 768698779 composite?
True
Is 541128599 prime?
False
Is 29600762069 composite?
False
Is 4658569813 a prime number?
False
Is 2960497271 composite?
True
Is 4367916923 a prime number?
True
Is 96303652829 a prime number?
True
Is 898093893 a composite number?
True
Is 207067867 a prime number?
False
Is 643271389 a prime number?
False
Is 49367617765 composite?
True
Is 5131140337 composite?
False
Is 55137617129 prime?
False
Is 141478723 composite?
True
Is 585793597 prime?
True
Is 20467029469 a composite number?
False
Is 153883357 composite?
True
Is 122181671 composite?
False
Is 828050389 a composite number?
True
Is 20882658469 a composite number?
False
Is 782589037 prime?
True
Is 4006659407 composite?
False
Is 76428603221 a composite number?
False
Is 1487596391 a prime number?
True
Is 53773824851 composite?
True
Is 12160039 prime?
False
Is 112173767 a prime number?
False
Is 11420253571 a composite number?
True
Is 2037187057 prime?
True
Is 1300087279 a prime number?
False
Is 160496893793 prime?
True
Is 3170475827 prime?
True
Is 173858857339 a prime number?
False
Is 29532415301 prime?
True
Is 19022617 a prime number?
False
Is 6515916965 prime?
False
Is 82126477 a composite number?
True
Is 4172178007 a prime number?
False
Is 667364833 co